t -3 (base 13) to base 8.
-3
4d (base 14) to base 6
153
-5b (base 15) to base 6
-222
What is 12 (base 15) in base 2?
10001
What is -13 (base 14) in base 8?
-21
What is -1 (base 4) in base 3?
-1
Convert 2 (base 4) to base 10.
2
What is -21 (base 14) in base 5?
-104
What is -15 (base 6) in base 7?
-14
3 (base 10) to base 4
3
What is -4 (base 11) in base 6?
-4
-1034 (base 5) to base 16
-90
Convert 130 (base 12) to base 5.
1210
Convert -158 (base 16) to base 7.
-1001
What is -7b (base 12) in base 6?
-235
Convert 43 (base 13) to base 8.
67
-5 (base 15) to base 6
-5
-2 (base 4) to base 9
-2
3 (base 14) to base 7
3
What is -135 (base 13) in base 4?
-3111
-54 (base 13) to base 6
-153
Convert -211 (base 8) to base 5.
-1022
Convert -21 (base 4) to base 6.
-13
What is 3 (base 15) in base 8?
3
6 (base 15) to base 9
6
Convert 3 (base 8) to base 15.
3
111 (base 4) to base 15
16
What is -1010 (base 3) in base 15?
-20
Convert 44 (base 7) to base 12.
28
1 (base 5) to base 6
1
What is -11 (base 7) in base 12?
-8
Convert bc (base 14) to base 4.
2212
What is 7 (base 15) in base 8?
7
8 (base 13) to base 4
20
Convert -323 (base 6) to base 4.
-1323
What is 50 (base 6) in base 12?
26
645 (base 7) to base 11
278
1100010 (base 2) to base 6
242
Convert -42 (base 11) to base 3.
-1201
Convert -2 (base 16) to base 14.
-2
What is -2 (base 16) in base 14?
-2
0 (base 6) to base 4
0
What is -10 (base 2) in base 14?
-2
-11112 (base 3) to base 9
-145
What is 10001 (base 2) in base 8?
21
2c (base 13) to base 5
123
What is -16 (base 13) in base 7?
-25
Convert 1 (base 2) to base 7.
1
Convert -236 (base 10) to base 14.
-12c
2b (base 13) to base 14
29
What is 0 (base 15) in base 3?
0
What is -1 (base 13) in base 14?
-1
-4 (base 15) to base 12
-4
3 (base 4) to base 16
3
-8 (base 13) to base 6
-12
31 (base 4) to base 13
10
Convert -2 (base 9) to base 6.
-2
Convert -53 (base 7) to base 9.
-42
0 (base 15) to base 3
0
What is 6 (base 15) in base 5?
11
What is -175 (base 15) in base 6?
-1315
Convert -2 (base 5) to base 14.
-2
14 (base 5) to base 9
10
Convert 89 (base 11) to base 6.
241
-245 (base 12) to base 5
-2331
What is 115 (base 7) in base 15?
41
-30 (base 7) to base 14
-17
Convert 30 (base 4) to base 7.
15
-10110 (base 2) to base 4
-112
Convert 3 (base 7) to base 15.
3
Convert -2 (base 8) to base 4.
-2
What is 11010100 (base 2) in base 13?
134
Convert -7 (base 9) to base 10.
-7
Convert 45 (base 6) to base 12.
25
7 (base 14) to base 4
13
Convert -2 (base 8) to base 13.
-2
Convert -222 (base 6) to base 11.
-79
15 (base 13) to base 3
200
What is -33 (base 15) in base 3?
-1210
Convert 25 (base 7) to base 2.
10011
What is 52 (base 9) in base 7?
65
What is 33 (base 8) in base 3?
1000
7 (base 13) to base 12
7
What is 28 (base 15) in base 9?
42
What is -4 (base 15) in base 14?
-4
What is -3 (base 15) in base 2?
-11
101 (base 2) to base 3
12
Convert 0 (base 9) to base 7.
0
What is 6 (base 8) in base 6?
10
Convert 11 (base 3) to base 2.
100
What is 1 (base 11) in base 3?
1
Convert 4 (base 12) to base 5.
4
What is -1010001 (base 2) in base 3?
-10000
What is -101 (base 4) in base 5?
-32
2 (base 8) to base 4
2
What is -4 (base 16) in base 5?
-4
0 (base 6) to base 9
0
12 (base 3) to base 7
5
2 (base 16) to base 15
2
What is -11 (base 7) in base 6?
-12
-2 (base 8) to base 5
-2
Convert 1 (base 12) to base 5.
1
What is -3 (base 8) in base 6?
-3
What is 25 (base 12) in base 2?
11101
Convert 4 (base 8) to base 10.
4
Convert -2312 (base 5) to base 3.
-110022
What is -101 (base 7) in base 12?
-42
What is 5 (base 14) in base 12?
5
Convert -1e (base 15) to base 10.
-29
What is -41 (base 6) in base 10?
-25
Convert -59 (base 12) to base 16.
-45
1012 (base 5) to base 6
340
Convert -38 (base 14) to base 2.
-110010
What is 110010 (base 2) in base 16?
32
-27 (base 9) to base 12
-21
10 (base 6) to base 15
6
Convert 0 (base 14) to base 2.
0
Convert -2022 (base 3) to base 14.
-46
Convert 135 (base 10) to base 11.
113
d (base 16) to base 15
d
Convert 5 (base 6) to base 15.
5
What is -32 (base 11) in base 9?
-38
What is 457 (base 8) in base 10?
303
What is 22 (base 3) in base 15?
8
45 (base 7) to base 15
23
Convert -331 (base 4) to base 15.
-41
What is 1 (base 4) in base 15?
1
Convert -514 (base 6) to base 14.
-d8
Convert -100000 (base 2) to base 16.
-20
-2 (base 8) to base 14
-2
What is -42 (base 6) in base 7?
-35
-3 (base 9) to base 11
-3
What is 5 (base 15) in base 3?
12
Convert -27 (base 12) to base 3.
-1011
What is -1 (base 12) in base 15?
-1
Convert 2 (base 12) to base 5.
2
Convert 2010 (base 3) to base 4.
321
Convert -3 (base 11) to base 3.
-10
5 (base 8) to base 7
5
Convert 19 (base 14) to base 4.
113
What is 1120 (base 3) in base 6?
110
What is -24 (base 11) in base 12?
-22
Convert -4 (base 7) to base 16.
-4
Convert -89 (base 15) to base 9.
-153
-2003 (base 4) to base 6
-335
What is -179 (base 11) in base 6?
-543
Convert 72 (base 11) to base 5.
304
What is -2 (base 12) in base 9?
-2
What is 2 (base 15) in base 4?
2
Convert 48 (base 13) to base 10.
60
What is 0 (base 2) in base 10?
0
13 (base 11) to base 4
32
What is 0 (base 9) in base 3?
0
Convert 3 (base 7) to base 13.
3
Convert -322 (base 9) to base 11.
-21a
1 (base 8) to base 3
1
What is 7 (base 16) in base 9?
7
-2 (base 16) to base 7
-2
What is 3 (base 4) in base 12?
3
Convert -22101 (base 3) to base 16.
-e2
What is 24 (base 9) in base 12?
1a
Convert 115 (base 8) to base 10.
77
What is -110 (base 8) in base 2?
-1001000
Convert 1 (base 15) to base 11.
1
Convert 0 (base 2) to base 13.
0
19 (base 16) to base 7
34
-2 (base 13) to base 9
-2
What is -1 (base 3) in base 7?
-1
What is 24 (base 9) in base 2?
10110
-53 (base 14) to base 3
-2201
Convert -11120 (base 3) to base 13.
-96
6 (base 15) to base 4
12
What is 10 (base 5) in base 14?
5
-351 (base 6) to base 4
-2023
Convert -214 (base 5) to base 14.
-43
Convert -29 (base 12) to base 9.
-36
Convert -51 (base 10) to base 4.
-303
3 (base 16) to base 13
3
-11011 (base 2) to base 7
-36
2 (base 15) to base 9
2
-118 (base 9) to base 7
-200
-21 (base 5) to base 12
-b
Convert 446 (base 7) to base 2.
11100110
Convert 106 (base 9) to base 11.
7a
0 (base 9) to base 15
0
12 (base 10) to base 8
14
Convert -118 (base 11) to base 6.
-352
What is 13 (base 6) in base 3?
100
31 (base 4) to base 15
d
Convert 3 (base 9) to base 10.
3
What is 170 (base 9) in base 2?
10010000
Convert -1b (base 15) to base 11.
-24
Convert 49 (base 10) to base 3.
1211
48 (base 9) to base 10
44
10 (base 2) to base 11
2
Convert -11 (base 3) to base 9.
-4
What is -96 (base 14) in base 16?
-84
5 (base 11) to base 7
5
1031 (base 4) to base 5
302
-1 (base 15) to base 4
-1
4 (base 14) to base 2
100
Convert 5 (base 16) to base 12.
5
What is 1 (base 10) in base 14?
1
What is -5 (base 12) in base 8?
-5
What is -473 (base 8) in base 13?
-1b3
9 (base 15) to base 9
10
-2111 (base 3) to base 4
-1003
10 (base 7) to base 15
7
What is -11 (base 4) in base 5?
-10
4 (base 14) to base 3
11
What is 1 (base 16) in base 13?
1
What is -10 (base 9) in base 12?
-9
What is 10222 (base 3) in base 6?
255
What is 100 (base 8) in base 16?
40
Convert 25 (base 11) to base 16.
1b
Convert -56 (base 13) to base 11.
-65
Convert -112 (base 4) to base 13.
-19
What is -4 (base 11) in base 5?
-4
Convert -a6 (base 12) to base 7.
-240
-1202 (base 3) to base 16
-2f
-4 (base 10) to base 2
-100
Convert -6 (base 12) to base 4.
-12
What is 31 (base 4) in base 14?
d
What is 2b (base 16) in base 11?
3a
Convert 38 (base 9) to base 3.
1022
10 (base 4) to base 7
4
What is 4 (base 8) in base 10?
4
Convert 83 (base 14) to base 7.
223
Convert 0 (base 7) to base 15.
0
What is 28 (base 10) in base 16?
1c
Convert -100011 (base 2) to base 4.
-203
Convert 2 (base 10) to base 9.
2
3 (base 13) to base 16
3
What is -212 (base 3) in base 4?
-113
What is 142 (base 8) in base 7?
200
1 (base 9) to base 6
1
1200 (base 3) to base 13
36
Convert -106 (base 9) to base 6.
-223
What is -1 (base 7) in base 6?
-1
What is 40 (base 6) in base 2?
11000
147 (base 9) to base 14
8c
What is 9 (base 13) in base 14?
9
What is -2 (base 8) in base 3?
-2
-167 (base 12) to base 10
-223
Convert -1 (base 10) to base 14.
-1
What is 10 (base 16) in base 4?
100
-76 (base 8) to base 15
-42
8 (base 11) to base 15
8
What is 0 (base 4) in bas